f 41924?
2, 47, 223
What are the prime factors of 4341?
3, 1447
What are the prime factors of 1788?
2, 3, 149
What are the prime factors of 758?
2, 379
List the prime factors of 10196.
2, 2549
What are the prime factors of 881?
881
What are the prime factors of 10650?
2, 3, 5, 71
What are the prime factors of 9147?
3, 3049
What are the prime factors of 8617?
7, 1231
What are the prime factors of 14225?
5, 569
What are the prime factors of 21839?
21839
What are the prime factors of 346?
2, 173
What are the prime factors of 190537?
190537
List the prime factors of 3822.
2, 3, 7, 13
List the prime factors of 7124.
2, 13, 137
What are the prime factors of 2444?
2, 13, 47
What are the prime factors of 327?
3, 109
List the prime factors of 31598.
2, 7, 37, 61
List the prime factors of 25221.
3, 7, 1201
List the prime factors of 1018.
2, 509
What are the prime factors of 68028?
2, 3, 5669
List the prime factors of 34156.
2, 8539
List the prime factors of 12420.
2, 3, 5, 23
List the prime factors of 10691.
10691
What are the prime factors of 3029?
13, 233
List the prime factors of 138391.
11, 23, 547
What are the prime factors of 29474?
2, 14737
What are the prime factors of 344?
2, 43
What are the prime factors of 136?
2, 17
What are the prime factors of 11044?
2, 11, 251
List the prime factors of 6351.
3, 29, 73
List the prime factors of 4203.
3, 467
What are the prime factors of 492?
2, 3, 41
What are the prime factors of 5073?
3, 19, 89
List the prime factors of 18606.
2, 3, 7, 443
List the prime factors of 173.
173
What are the prime factors of 1632?
2, 3, 17
What are the prime factors of 40027?
13, 3079
What are the prime factors of 5353?
53, 101
What are the prime factors of 1466?
2, 733
List the prime factors of 16915.
5, 17, 199
List the prime factors of 7495.
5, 1499
List the prime factors of 498.
2, 3, 83
What are the prime factors of 31531?
31531
What are the prime factors of 857?
857
List the prime factors of 1633.
23, 71
What are the prime factors of 4442?
2, 2221
What are the prime factors of 227?
227
What are the prime factors of 18926?
2, 9463
List the prime factors of 9017.
71, 127
What are the prime factors of 10939?
10939
List the prime factors of 174.
2, 3, 29
List the prime factors of 20006.
2, 7, 1429
What are the prime factors of 701?
701
What are the prime factors of 64264?
2, 29, 277
List the prime factors of 7512.
2, 3, 313
What are the prime factors of 5178?
2, 3, 863
List the prime factors of 23040.
2, 3, 5
List the prime factors of 2487.
3, 829
What are the prime factors of 164507?
7, 71, 331
What are the prime factors of 1117?
1117
List the prime factors of 121289.
7, 17327
List the prime factors of 9359.
7, 191
What are the prime factors of 8531?
19, 449
List the prime factors of 21.
3, 7
What are the prime factors of 2057?
11, 17
List the prime factors of 1733.
1733
List the prime factors of 79881.
3, 26627
List the prime factors of 37949.
137, 277
What are the prime factors of 347?
347
List the prime factors of 6769.
7, 967
List the prime factors of 22112.
2, 691
List the prime factors of 3364.
2, 29
List the prime factors of 37387.
7, 109
What are the prime factors of 6480?
2, 3, 5
What are the prime factors of 5898?
2, 3, 983
List the prime factors of 2600.
2, 5, 13
What are the prime factors of 3987?
3, 443
What are the prime factors of 552?
2, 3, 23
What are the prime factors of 11413?
101, 113
What are the prime factors of 5019?
3, 7, 239
List the prime factors of 22267.
7, 3181
List the prime factors of 25419.
3, 37, 229
List the prime factors of 50146.
2, 25073
What are the prime factors of 4949?
7, 101
What are the prime factors of 1029?
3, 7
What are the prime factors of 21378?
2, 3, 7, 509
What are the prime factors of 754?
2, 13, 29
What are the prime factors of 9517?
31, 307
List the prime factors of 36707.
11, 47, 71
List the prime factors of 5438.
2, 2719
What are the prime factors of 120698?
2, 29, 2081
List the prime factors of 521.
521
List the prime factors of 7823.
7823
List the prime factors of 687.
3, 229
What are the prime factors of 6881?
7, 983
What are the prime factors of 40640?
2, 5, 127
What are the prime factors of 1601?
1601
What are the prime factors of 948?
2, 3, 79
List the prime factors of 1091.
1091
List the prime factors of 30331.
7, 619
What are the prime factors of 67102?
2, 7, 4793
List the prime factors of 3009.
3, 17, 59
List the prime factors of 10363.
43, 241
List the prime factors of 4108.
2, 13, 79
What are the prime factors of 292?
2, 73
List the prime factors of 6940.
2, 5, 347
List the prime factors of 7952.
2, 7, 71
List the prime factors of 127266.
2, 3, 21211
What are the prime factors of 6308?
2, 19, 83
List the prime factors of 448.
2, 7
List the prime factors of 1205.
5, 241
What are the prime factors of 386?
2, 193
List the prime factors of 17411.
23, 757
What are the prime factors of 13673?
11, 113
What are the prime factors of 375?
3, 5
List the prime factors of 8341.
19, 439
List the prime factors of 941.
941
List the prime factors of 93985.
5, 18797
What are the prime factors of 1870?
2, 5, 11, 17
List the prime factors of 13955.
5, 2791
List the prime factors of 4692.
2, 3, 17, 23
What are the prime factors of 1256?
2, 157
List the prime factors of 14627.
14627
What are the prime factors of 6745?
5, 19, 71
What are the prime factors of 46389?
3, 7, 47
What are the prime factors of 26144?
2, 19, 43
What are the prime factors of 595?
5, 7, 17
List the prime factors of 1160.
2, 5, 29
List the prime factors of 29992.
2, 23, 163
List the prime factors of 4367.
11, 397
List the prime factors of 1309.
7, 11, 17
List the prime factors of 141641.
139, 1019
List the prime factors of 36576.
2, 3, 127
List the prime factors of 2698.
2, 19, 71
List the prime factors of 1842.
2, 3, 307
What are the prime factors of 25473?
3, 7, 1213
What are the prime factors of 3472?
2, 7, 31
List the prime factors of 9161.
9161
What are the prime factors of 2591?
2591
List the prime factors of 24127.
23, 1049
What are the prime factors of 1835?
5, 367
List the prime factors of 51846.
2, 3, 8641
What are the prime factors of 5851?
5851
What are the prime factors of 66?
2, 3, 11
List the prime factors of 2157.
3, 719
List the prime factors of 42703.
42703
List the prime factors of 3454.
2, 11, 157
What are the prime factors of 19674?
2, 3, 1093
What are the prime factors of 162430?
2, 5, 37, 439
What are the prime factors of 3815?
5, 7, 109
List the prime factors of 113.
113
What are the prime factors of 147093?
3, 49031
List the prime factors of 16886.
2, 8443
What are the prime factors of 1934?
2, 967
What are the prime factors of 38800?
2, 5, 97
What are the prime factors of 4123?
7, 19, 31
What are the prime factors of 3472?
2, 7, 31
What are the prime factors of 3574?
2, 1787
What are the prime factors of 2052?
2, 3, 19
What are the prime factors of 308?
2, 7, 11
List the prime factors of 2867.
47, 61
What are the prime factors of 54759?
3, 18253
List the prime factors of 4523.
4523
What are the prime factors of 1785?
3, 5, 7, 17
List the prime factors of 30583.
7, 17, 257
What are the prime factors of 16997?
23, 739
List the prime factors of 2327.
13, 179
List the prime factors of 7033.
13, 541
What are the prime factors of 950?
2, 5, 19
What are the prime factors of 39?
3, 13
List the prime factors of 59.
59
What are the prime factors of 776?
2, 97
List the prime factors of 2994.
2, 3, 499
What are the prime factors of 461?
461
List the prime factors of 4181.
37, 113
What are the prime factors of 48014?
2, 24007
List the prime factors of 12909.
3, 13, 331
List the prime factors of 45981.
3, 13, 131
What are the prime factors of 1419?
3, 11, 43
List the prime factors of 16687.
11, 37, 41
What are the prime factors of 4718?
2, 7, 337
List the prime factors of 3354.
2, 3, 13, 43
List the prime factors of 422.
2, 211
What are the prime factors of 3365?
5, 673
What are the prime factors of 308?
2, 7, 11
What are the prime factors of 45442?
2, 22721
What are the prime factors of 28644?
2, 3, 7, 11, 31
List the prime factors of 1733.
1733
What are the prime factors of 21843?
3, 809
List the prime factors of 129.
3, 43
List the prime factors of 2558.
2, 1279
What are the prime factors 